(-3)/5)?
5
Let s = -180 - -295. Suppose 3*f - s = 4*a, 0*a = 5*f + 5*a - 215. Suppose -3*u + f = -u + 5*c, 4*u = c + 27. What is the units digit of u?
8
Let h(a) = a**3 + 5*a**2 - 5*a + 4. Let c(w) = -w**2 + w + 1. Let y be c(-2). What is the units digit of h(y)?
9
Let m = 4 - 6. Let c = m - -25. What is the units digit of c?
3
Suppose 0 = -2*q + 28 - 2. What is the units digit of q?
3
Suppose -m + u - 5 = -0*m, -4*m + 2*u = 26. Let c = -3 - m. Suppose -4*t + 17 = -c*z, t - 1 = 3*z + 5. What is the units digit of t?
3
Let u = -9 + 23. What is the units digit of u?
4
Let v(o) = -2*o**2 - 2*o + 1. Let z be v(-3). Let k = 30 + z. Suppose -3*h - 19 = -5*n + k, 0 = n + 2*h - 18. What is the tens digit of n?
1
Let r be 25/(-3*4/(-72)). Suppose 8*l - 3*l - r = 0. What is the tens digit of l?
3
What is the units digit of 0 + 11 + 36/(-12)?
8
Let o(b) = 3*b + 8. Let v be o(4). Suppose -c - v = -5*c. What is the units digit of c?
5
Suppose -20 = -4*n + 40. What is the tens digit of n?
1
Suppose 5*x = -d + 1130, 5*d + 1036 - 132 = 4*x. What is the units digit of x?
6
Suppose -4*y + 19 = 5*x, 2 - 14 = -5*x + 3*y. Suppose -112 = -p - x*p. What is the tens digit of p?
2
Suppose -5*n + 0*r - 5*r = -800, -5*n + 4*r = -764. What is the units digit of n?
6
Suppose -2*u + 63 = -7. What is the tens digit of u?
3
Suppose -5*u + 8 = -102. What is the units digit of u?
2
Let x(k) = k**2 + 6*k + 5. Let r be x(-4). Let b(n) = 3*n. Let w be b(-1). What is the units digit of (w/r)/(1/5)?
5
Suppose -p = -2*l + 11, 4*l + 2*p - 3*p - 19 = 0. Suppose -3*o - l*k = k - 17, 0 = -o + 3*k + 15. What is the units digit of o?
9
Let c = 41 - 22. Suppose -3*d + c = -71. What is the units digit of d?
0
Let r = 23 + -2. Let s be -3 - (2 - 0 - r). Let y = s - 8. What is the units digit of y?
8
Suppose 5*l - 145 = 60. Let c = l + -16. What is the units digit of c?
5
What is the units digit of (4 + -1)/(3/77)?
7
Let g = -6 - -24. Suppose -2*c = -2*y + g, -4*y + 2*c + 42 = -0*c. What is the units digit of y?
2
Let q be 2/6 - 40/12. Let y(s) = s**3 + s**2 + 6. Let r be y(0). Let j = r + q. What is the units digit of j?
3
Let j = -15 - -9. Let a = j - -8. Suppose 0 = -a*y - y + 6. What is the units digit of y?
2
Let p be (-1 - 0)*(2 - 11). Suppose -a = 2*a + p, -4 = m + 3*a. Suppose 0 = z + j - m*j + 15, -13 = 3*z - 4*j. What is the units digit of z?
1
Suppose -4*w - 1 = 3*h + 3, 0 = -2*h - 5*w - 12. Suppose b = -b + 6. Suppose -4*j - 5*l = -7, -j + b = h*l + 15. What is the units digit of j?
8
Let g(p) = -p - 4. Let n be g(-3). Let r(o) be the third derivative of -o**4/4 - o**3/6 + o**2. What is the units digit of r(n)?
5
Let n(y) = -y**3 + 7*y**2 - 7*y + 9. Let o be n(6). Suppose z = -o*z + 120. Suppose 4*h - z = -2. What is the units digit of h?
7
Suppose -2*f + 0 - 2 = 0. Let n(b) = -b**2 + 1 + 4*b**2 - 2. What is the units digit of n(f)?
2
What is the units digit of (-4)/(-5) - (-2680)/25?
8
Suppose -2*q + 90 = 3*q. Suppose 0 = -2*v + q. What is the units digit of v?
9
Let l(b) = b**2 + 4*b. Let k be l(-5). Suppose k*c - 2 = 4*c. Suppose c*r + 6 = 34. What is the tens digit of r?
1
Suppose -3*r + 5*w + 93 = 0, -4*r + 132 = -w - 3*w. Suppose -o = o - r. What is the units digit of o?
8
Let z(w) = 5 + w**2 + 4 - 2*w - 6*w. Let q be z(7). Suppose 2*j = 4*g - 24, q*j = 5*g - 0 - 29. What is the units digit of g?
5
Suppose -j - 18 = -95. What is the tens digit of j?
7
Let h(u) = -u**3 + 9*u**2 + 3. Let b(a) = -3*a**3 + 26*a**2 + a + 8. Let q(k) = 3*b(k) - 8*h(k). What is the tens digit of q(5)?
4
Let q(l) = l**3 - 4*l**2 + 2*l + 1. Let k be q(4). Suppose 4 = -o + k. Suppose -o = -r - 3. What is the units digit of r?
2
Suppose 3*n - 311 + 104 = 0. What is the tens digit of n/6 + 2/(-4)?
1
Let o(m) = m**3 + 4*m**2 - 4*m - 6. Let c be o(-9). What is the tens digit of c/(-12) + 1/(-4)?
3
Let f(q) = -4*q - 3. Let o be f(8). What is the tens digit of (-3 - o) + -2 - -4?
3
Let q(g) = -g**2 - 8*g - 7. Let k be q(-6). Suppose 3*s = -2*a - 2*s + 17, k*a + 10 = 5*s. What is the units digit of a?
1
Let q(a) = a**2 + 9*a + 6. Let z be q(-7). What is the units digit of (9 + z)*(-23)/(-1)?
3
Let f = 25 - 7. Let h = 34 - f. What is the tens digit of h?
1
Suppose -2*y = -6*y + 48. Suppose -5*w = 4*a + 31, -3*w + 2*a - y - 11 = 0. Let m = 10 + w. What is the units digit of m?
3
Suppose 342 = 7*l - l. What is the tens digit of l?
5
Let a be ((-1)/(-2))/((-2)/(-8)). Suppose -26 - 20 = -a*z. What is the units digit of z?
3
Suppose 2*z + 3*g - 346 = 0, 6*z - z + 3*g = 874. What is the hundreds digit of z?
1
Suppose 0*b + b - 6 = 0. What is the tens digit of (-129 - -6)*(-2)/b?
4
Let u(z) = 18*z + 4. Let f be u(2). Suppose 2*a + 5*o = 4 + f, 5*a = -2*o + 110. What is the units digit of a?
2
Let g(j) = -4 + 3 - 4 + 2*j + 4. What is the units digit of g(11)?
1
Let d = 9 + -7. Suppose 5*c - 15 = 0, 2*z - 25 = d*c + 7. What is the tens digit of z?
1
Suppose -2*w + 86 = -0*w. Suppose -3*m = a - 18, -4*m - 13 = -2*a + w. What is the units digit of a?
4
Let k be (-6)/(-4) - (-21)/2. What is the units digit of 8/k*2*18?
4
Let i(l) = -l**3 + 5*l**2 + 3*l - 2. What is the tens digit of i(5)?
1
Let k(u) = -18*u + 7. Let x be k(-7). Suppose -3*t = -5*r - 206 + 68, 0 = 5*r + 2*t + x. Let o = -19 - r. What is the units digit of o?
8
What is the units digit of (-608)/(-16) - (3 - 0)?
5
Let t = 11 - 7. Let k be (t - 2)/(-1 - -3). Suppose 2*o = 2*r + 2, 0 = 5*r - 2*o - 6 - k. What is the units digit of r?
3
Let s(t) = -t**3 - 2*t**2. Let j be s(-2). Suppose 4*y + 7 = -u, 5*u + 4*y + 3 + 0 = j. Suppose 5*g = 4*g + u. What is the units digit of g?
1
Suppose m - 4*h - 12 = 0, 4 = -5*h - 1. Suppose 0*k - 25 = -5*k. Let v = m - k. What is the units digit of v?
3
Suppose 5*s = s. Let l(k) = 2*k - 2. Let i be l(2). Suppose s = -2*b - i*r + 24, 0*r - 10 = -b + r. What is the tens digit of b?
1
Suppose 4*h = 3*h + 16. Let i(l) = 11*l + 1. Let f be i(-1). Let w = f + h. What is the units digit of w?
6
What is the units digit of (16/(-6))/((-30)/315)?
8
Let k(d) = -13*d + 15*d**2 + 2*d**3 + 21 - 3*d**3 + 0*d**3. What is the tens digit of k(14)?
3
Let l be (-8)/6*-3 + 0. Suppose y - 12 = -4*j, 5 + l = y + 3*j. What is the units digit of 16/((y + -1)*-1)?
6
Let s(w) = w**3 - 7*w**2 + 5*w + 8. What is the units digit of s(6)?
2
Suppose h = 2*t - t + 7, -2*h - t = -5. Let w = h - 6. What is the units digit of (2/(-3))/(w/21)?
7
Let d(a) = 2*a + 37. What is the tens digit of d(0)?
3
Let f(a) = -a**2 + 2. Let g be f(-2). What is the tens digit of ((-10)/(-3) + g)*15?
2
Suppose -3*j - 11*h + 362 = -6*h, 4*j - h - 475 = 0. What is the units digit of j?
9
Let i(n) be the first derivative of -n**2/2 + 8*n - 1. Let l be i(6). Suppose -4*v + 38 - l = 0. What is the units digit of v?
9
Let p(n) = n + 10. Let o = -5 + 3. Let l = -9 - o. What is the units digit of p(l)?
3
Let p(d) = -d**2 - 3 - 11*d + 1 + 4*d - 4. Let z be p(-6). Suppose z = 4*b - h - 10, -b - 4*h = 2 + 4. What is the units digit of b?
2
Let f(n) = -11*n - 4. Let w be f(-5). Suppose w = 4*p - 37. What is the units digit of p?
2
Suppose y = v + 4, 3*v - 2*y - 2*y = -14. Let l be (v/1)/((-1)/2). Suppose -52 = l*j - 8*j. What is the units digit of j?
3
Let x be 1 + -26 + 1 + 1. Let s be (-68)/(2/(-1)) - 1. Let u = s + x. What is the units digit of u?
0
Suppose -3*s + 14 - 2 = 0. Let z(v) = v - 1. Let d be z(s). What is the units digit of (-1)/d + (-19)/(-3)?
6
Let x(o) = -o**3 - 7*o**2 + o + 3. Let d be x(-7). Let l = d + 5. What is the units digit of l?
1
Let z = -48 + 61. What is the tens digit of z?
1
Suppose 6*p + 5 = p. Let f(c) = -4*c + 1. What is the units digit of f(p)?
5
Suppose -s = -4*s - 4*z - 15, -10 = 2*s - 2*z. Let u(v) = v**3 + 5*v**2 + 4. Let y be u(s). Suppose -y*g + 7 = -13. What is the units digit of g?
5
Suppose m - 5*n - 125 = -3*m, 3*m + 2*n = 111. Suppose -3*f - 2*f + m = 0. Suppose 0 = -3*p + 14 + f. What is the units digit of p?
7
What is the tens digit of 0/(3 + -2) + 12?
1
Let b be 385/22*(1 + -3). What is the units digit of ((-182)/b)/((-2)/(-5))?
3
Let s = -11 - -16. Suppose j - 6 = -5*t, -2*j + 38 = j + s*t. What is the units digit of j?
6
Let d(v) = 34 - 34 + 4*v**2. Let a be d(-1). Suppose -18 = -2*o - 2*n, 0*o + a*n = -2*o + 10. What is the units digit o